3/(w/4) - (29 + -25). Give c(m).
2
Let v(u) = u**2 + 18*u - 82. Let k = 1122 - 1144. Calculate v(k).
6
Let d(w) = w. Suppose -2*i = a + 1 - 8, -2*a + 26 = i. Suppose 5*m - a = 5. Calculate d(m).
4
Suppose -2*p - 14 = -2*w, -3*w - 8 + 5 = p. Let a be (-1)/3*p + 12. Let v(r) = -2*r + 19. Let t be v(a). Let c(s) = -s + 2. Determine c(t).
11
Let a(y) = y - 1. Suppose -4*k - 6 = -3*m, 4*m = k - 2 + 10. Suppose -14*s + m*s = 108. Determine a(s).
-10
Suppose -2*v - p - 8 = 0, -3*v + p - 1 = 6. Let z(o) = 13*o + 5. Give z(v).
-34
Let c(s) = 18*s**3 + 19*s**2 + 4*s + 16. Let l(h) = 13*h**3 + 13*h**2 + 3*h + 11. Let k(y) = -5*c(y) + 7*l(y). Calculate k(4).
1
Let o(a) be the first derivative of -a**3/3 + 7*a**2/2 - 4*a + 4958. Let d = 3 + 2. What is o(d)?
6
Let s(q) = -6*q**2 + 3*q - 2. Suppose 5*g + 880 = -2*w - 350, w + 1225 = -5*g. Let j = 245 + g. Calculate s(j).
-5
Let n(g) = 29*g - 2. Let y(m) = -m**3 - 56*m**2 - 343*m - 1. Let v be y(-7). Give n(v).
-31
Let l be (-2)/(-4) - 5/(-2). Suppose -5*j + 101 = -r, -l - 1 = 4*r. Suppose 0 = 17*m - j*m - 9. Let x(v) = 2*v**2 + 4*v. Determine x(m).
6
Let p be ((-1)/(6/(-14)))/(15/45). Suppose -p*j + 22 = 1. Let c(v) = -2 + v**2 + 3*v + 0*v - v - j*v. Determine c(3).
4
Let l(g) = -2*g**2 + 81*g - 47. Let x be l(40). Let k(y) = -5*y**2 - 38*y - 19. Let h be k(x). Let f(d) = -9*d. Calculate f(h).
-18
Let g be (1 + 3)/((-3)/(-3)). Let k(b) = 18*b + 2*b**2 - 22*b - 5*b**2 + 8 + g*b**2. Determine k(5).
13
Suppose 16*v - 12*v - 453 = -j, 0 = 4*v - 4. Suppose -453*o - 12 = -j*o. Let k(q) = q**2 + 4*q + 2. Determine k(o).
-1
Let k(j) = 4*j**3 + 27*j**2 - 5*j - 32. Let u(y) = -3*y**3 - 24*y**2 + 6*y + 30. Let q(w) = -4*k(w) - 5*u(w). What is q(11)?
-11
Let g(x) = x**2 - 26*x + 50. Let c be g(24). Let y(i) be the third derivative of 3*i**c + 1/60*i**5 + 2/3*i**3 - 1/8*i**4 + 0 + 0*i. Determine y(3).
4
Let s(d) be the third derivative of d**6/120 + 17*d**5/60 + 3*d**4/4 + 5*d**3 + 941*d**2. Give s(-16).
-2
Let i(h) be the second derivative of h**3/3 - h**2 + 2*h. Let t(o) = o + 23. Let d be t(-18). Calculate i(d).
8
Suppose -38 - 38 - 20 = -12*l. Suppose 0 = -k + a + 4, 0*k + 3*a = -4*k + 2. Let q(r) = 11*r - k*r + 0 + 2 - r**2. What is q(l)?
10
Let a = 219 + -465. Let s = -236 - a. Let v(g) = g**3 - 10*g**2 - g + 14. Give v(s).
4
Let h(s) = 17*s - 26. Let l(c) = c**3 + 5*c**2 - 21*c - 104. Let t be l(-5). Give h(t).
-9
Let q = 74 - 90. Let t = -14 - q. Let a(f) = 0 - 8*f + t*f**2 - 10 - f**2 + f. Calculate a(7).
-10
Let m(c) = 277*c**3 + 1. Let i be m(-1). Let d = -144 - i. Let w be 24/d - 26/(-44)*-2. Let k(y) = 2*y - 1. Give k(w).
-3
Let g(t) = -24*t - 188. Let m be g(-8). Let k(a) = 17*a**2 - 1 + 14 - 5*a**2 - 5*a + m*a - 13*a**2. Calculate k(0).
13
Let s = 20427 + -20401. Let g(x) = -5*x + 42. Determine g(s).
-88
Let w(r) = -5*r**2 - 3*r - 7. Let y(n) = 22*n**2 + 11*n + 27. Let o(m) = -9*w(m) - 2*y(m). Let g(k) = -14*k - 63. Let p be g(-4). Determine o(p).
23
Suppose 5*n = -5*c - 5, -11*c + 15*c - 11 = n. Let a(u) = -6*u**2 - 3*u + 4. Determine a(c).
-26
Let g(d) be the second derivative of d**4/12 - d**3 - 9*d**2/2 + 147*d. Let r = 241 - 233. Calculate g(r).
7
Suppose 4*b + 14 = -6. Let n = -173 - -191. Let v(q) = 1 + 2*q + 3 + 11 - n. Determine v(b).
-13
Let c(m) = 111*m - 1. Suppose 13 = v - 4*x + 6*x, 3*x - 15 = 3*v. Give c(v).
110
Suppose 0 = 3*z - 38*z + 70. Let w(v) be the first derivative of 1/2*v**z - 5*v + 11. Determine w(3).
-2
Let a(f) = -23*f + 19. Let k(s) = 3*s + 9 - 8*s + 4*s - 11*s. Let j(l) = -6*a(l) + 11*k(l). Let w be j(3). Let n(v) = -v**2 + v. Determine n(w).
-6
Let y(w) = -w**2 - 429*w + 1292. Let d be y(3). Let m(k) = -8*k**2 + 8*k + 6. Calculate m(d).
-154
Let j(n) be the second derivative of n**5/20 - 7*n**4/6 - 73*n**3/6 + 7*n**2/2 + 726*n. Give j(18).
-11
Let q(h) be the first derivative of 9*h**2 - 193*h + 2003. What is q(11)?
5
Let m = 1816 - 1825. Let q(v) = -v**3 - 8*v**2 + 12*v + 13. Calculate q(m).
-14
Let z(a) = 11*a - 3. Suppose -7*i + 15*i = -24. Give z(i).
-36
Let p be (7 - 2) + -2 + 4. Let v(y) be the third derivative of y**5/60 - 3*y**4/8 + y**3/2 + 3117*y**2. Give v(p).
-11
Let h(g) = -6*g + 3. Let u be -2*(119/14 - 9) + (-5 - -1). What is h(u)?
21
Let s(p) = -p**3 + 9*p**2 - 7*p + 15. Let w be (63/(-24))/7 + -1*(-59)/8. Give s(w).
64
Let a(n) = n**2 - 8*n - 4. Suppose -o - 5*d + 46 = -0*o, 4*o - 4*d = 88. Let i be 2/(-3)*6/(-24)*18. Suppose 0 = -i*f + o - 5. What is a(f)?
-11
Let w(i) be the second derivative of 106*i + 0 - 15/2*i**2 - 1/2*i**3. Determine w(-5).
0
Let f be (4*1)/(1/8). Suppose -4*p + f = -20. Let k(r) = -7*r - 2 + p*r - 4*r. Determine k(5).
8
Let j(v) = -v**3 + 2*v + 1. Let p(i) = 169*i**3 - 166*i**3 - 9*i + 2*i - 4. Let z(o) = 4*j(o) + p(o). Determine z(0).
0
Let r(m) = -m**2 + 3*m - 193. Let s(x) = -5*x**2 + 31*x - 966. Let l(t) = 19*r(t) - 4*s(t). Determine l(64).
5
Let o(f) be the first derivative of -f**3/3 - 23*f**2/2 - 18*f + 412. Give o(-21).
24
Let q(a) be the second derivative of -a**7/1260 + a**6/720 + 5*a**4/4 - a**2/2 + 58*a. Let o(z) be the third derivative of q(z). What is o(-1)?
-3
Let h be 3/5 - 4/(-10)*1. Suppose -1 + 21 = 5*m. Let v(d) = -m*d**3 - 2*d**2 - 6*d**2 + d + 6*d**2. Give v(h).
-5
Let o(a) = -124*a**2 + 12*a - 36 + 123*a**2 + 15 + 0 - 4*a. Determine o(5).
-6
Let m(o) = 15*o - 140. Let f(r) = -44*r + 141. Let g be f(3). Determine m(g).
-5
Let a = -786 + 883. Let m(y) = -4 + 43*y + 53*y + 3 + 0 - a*y. Determine m(9).
-10
Let n(g) = -68344 + 15*g + 34171 + 34161. Determine n(2).
18
Let f(k) = -k**2 - 9*k + 4. Let c(o) = 5*o**2 + 2*o + 2. Let t be c(-1). Let y(i) = -i - 4. Let g be y(t). Give f(g).
4
Let i(q) = 2*q**2 + 5 + 0*q**2 - 6*q + q. Let r be 5/(-15)*3 - -2. Let d be (57/(-15) - r/5) + 8. Determine i(d).
17
Let g be (16/4)/2*-32. Let a = g + 59. Let r(q) = q**2 + 3*q - 15. Give r(a).
-5
Suppose -t = -2*o + 7, 0 = 4*o - 4*t - t - 11. Suppose 0 = 2*m - o*m + 18. Let a(f) = f - 5. What is a(m)?
4
Let v(f) = -2*f**3 + 29*f**2 + 29*f + 297. Let p be v(16). Let j(z) = 70*z + 494. Give j(p).
4
Let f(b) = 33*b**2 - 332*b + 12. Let h be (-636)/(-63) + (-124)/1302. What is f(h)?
-8
Let t = -17719 + 17725. Let n(w) = -2*w + 26. Give n(t).
14
Let a(p) = 0*p - 5*p**2 + 5 + p + 0 + p**3 + 13. Give a(5).
23
Let w(i) = 2 - i**3 + 1630*i**2 - 514*i**2 - 546*i**2 - 543*i**2 + 160*i. What is w(32)?
2
Let g be -1*(0 - (7 - 8)). Let c(r) = 9*r**3 + 3*r + 2. Calculate c(g).
-10
Let b = 2634 - 2621. Let a(p) = p**3 - 12*p**2 - 10*p - 19. Calculate a(b).
20
Let f(i) = -4*i**3 + 20*i**2 + 10*i + 11. Let x(z) = 7*z**3 - 37*z**2 - 19*z - 22. Let v(j) = -9*f(j) - 5*x(j). Calculate v(-5).
-14
Let p(j) = -4*j + 5. Let b(q) = -108 + 113 - 5*q + 0*q. Let l(a) = 5*b(a) - 6*p(a). What is l(-3)?
-2
Let n(o) = -4*o**2 - o + 1. Let i(y) = 4*y - 3*y + 18*y**2 - 43*y**2 + 26*y**2. Let v(d) = -6*i(d) - n(d). Determine v(-4).
-13
Let w = -56 + 455. Let c(x) = w*x - 202*x - 183*x. Give c(1).
14
Let z(b) = 45 - 107 + 28 + 31 - 23*b. Give z(2).
-49
Suppose -8*d = -d - 28. Let k(z) = -1 - d*z + 3*z + 4. Suppose -3*u + 6*u = -5*h + 17, 3 = 3*h. What is k(u)?
-1
Let z = -1 + 4. Let q(p) be the second derivative of p**5/20 - p**4/6 - p**3/3 - 3*p**2/2 + 15065*p. Determine q(z).
0
Suppose -13 + 10 = -3*u. Let q(v) be the second derivative of -v**6/360 + 4*v**3 + 27*v - 2. Let y(l) be the second derivative of q(l). Calculate y(u).
-1
Let f = -2 + 6. Let b(t) = t**3 - 3*t**2 - 5*t - 8. Let a(l) = -l**3 + 3*l**2 + 6*l + 9. Let m(g) = f*b(g) + 3*a(g). Let z be 8/6*(-24)/(-8). Give m(z).
3
Suppose 5*q = -5*l, -q - 12 = -4*l - 2*q. Let v(j) = -162*j - j**3 - l*j**2 + 91*j + 78*j + 5. Give v(-5).
-5
Let i = -556 - -585. Let m(h) = -5*h - 604 + 2*h + i*h**2 + 604 + 2*h. Calculate m(-1).
30
Let y(f) = -f**2 + 3*f + 3. Suppose -12*o - 531 = -111. Let u be 10/o + 24/(-14). Determine y(u).
-7
Let l(d) = 29*d**3 - 11*d**2 + 2*d + 6. Let f(g) = 14*g**3 - 5*g**2 + 2. Let q(u) = 7*f(u) - 3*l(u). Give q(-1).
-11
Suppose -30*w + 157 + 53 = 0. Let s(x) = 7 + 9 - 7*x + 4*x. Give s(w).
-5
Let l(f) = -f**2 + 22*f + 101. Let j = 796 - 800. Let r be l(j). Let n(x) = -x**2 - 6*x - 7. Give n(r).
2
Let t(v) = v**3 + 2*v**2 + 2*v + 7. Suppose 9 = -5*r - 9 + 3. Determine t(r).
-8
Let i be (280/(-